{"id":407,"date":"2024-04-03T15:16:03","date_gmt":"2024-04-03T13:16:03","guid":{"rendered":"https:\/\/www.vistoso-tango.de\/?page_id=407"},"modified":"2024-04-08T19:48:53","modified_gmt":"2024-04-08T17:48:53","slug":"manuela-picco-akkordeon","status":"publish","type":"page","link":"https:\/\/www.vistoso-tango.de\/?page_id=407","title":{"rendered":"manuela-picco-akkordeon"},"content":{"rendered":"\t\t<div data-elementor-type=\"wp-page\" data-elementor-id=\"407\" class=\"elementor elementor-407\" data-elementor-post-type=\"page\">\n\t\t\t\t<div class=\"elementor-element elementor-element-8107030 e-con-full e-flex e-con e-parent\" data-id=\"8107030\" data-element_type=\"container\" data-settings=\"{&quot;background_background&quot;:&quot;classic&quot;,&quot;shape_divider_top&quot;:&quot;opacity-tilt&quot;,&quot;shape_divider_bottom&quot;:&quot;tilt&quot;}\">\n\t\t\t\t<div class=\"elementor-shape elementor-shape-top\" aria-hidden=\"true\" data-negative=\"false\">\n\t\t\t<svg xmlns=\"http:\/\/www.w3.org\/2000\/svg\" viewBox=\"0 0 2600 131.1\" preserveAspectRatio=\"none\">\n\t<path class=\"elementor-shape-fill\" d=\"M0 0L2600 0 2600 69.1 0 0z\"\/>\n\t<path class=\"elementor-shape-fill\" style=\"opacity:0.5\" d=\"M0 0L2600 0 2600 69.1 0 69.1z\"\/>\n\t<path class=\"elementor-shape-fill\" style=\"opacity:0.25\" d=\"M2600 0L0 0 0 130.1 2600 69.1z\"\/>\n<\/svg>\t\t<\/div>\n\t\t\t\t<div class=\"elementor-shape elementor-shape-bottom\" aria-hidden=\"true\" data-negative=\"false\">\n\t\t\t<svg xmlns=\"http:\/\/www.w3.org\/2000\/svg\" viewBox=\"0 0 1000 100\" preserveAspectRatio=\"none\">\n\t<path class=\"elementor-shape-fill\" d=\"M0,6V0h1000v100L0,6z\"\/>\n<\/svg>\t\t<\/div>\n\t\t\t\t<div class=\"elementor-element elementor-element-28b94a0 elementor-widget elementor-widget-image\" data-id=\"28b94a0\" data-element_type=\"widget\" data-widget_type=\"image.default\">\n\t\t\t\t<div class=\"elementor-widget-container\">\n\t\t\t\t\t\t\t\t\t\t\t\t\t\t\t<img fetchpriority=\"high\" decoding=\"async\" width=\"684\" height=\"1024\" src=\"https:\/\/www.vistoso-tango.de\/wp-content\/uploads\/2024\/03\/manuela-684x1024.png\" class=\"attachment-large size-large wp-image-182\" alt=\"\" srcset=\"https:\/\/www.vistoso-tango.de\/wp-content\/uploads\/2024\/03\/manuela-684x1024.png 684w, https:\/\/www.vistoso-tango.de\/wp-content\/uploads\/2024\/03\/manuela-200x300.png 200w, https:\/\/www.vistoso-tango.de\/wp-content\/uploads\/2024\/03\/manuela-768x1151.png 768w, https:\/\/www.vistoso-tango.de\/wp-content\/uploads\/2024\/03\/manuela.png 801w\" sizes=\"(max-width: 684px) 100vw, 684px\" \/>\t\t\t\t\t\t\t\t\t\t\t\t\t\t\t<\/div>\n\t\t\t\t<\/div>\n\t\t\t\t<\/div>\n\t\t<div class=\"elementor-element elementor-element-768ee55 e-flex e-con-boxed e-con e-parent\" data-id=\"768ee55\" data-element_type=\"container\" data-settings=\"{&quot;background_background&quot;:&quot;classic&quot;}\">\n\t\t\t\t\t<div class=\"e-con-inner\">\n\t\t<div class=\"elementor-element elementor-element-fe9d043 e-con-full e-flex e-con e-child\" data-id=\"fe9d043\" data-element_type=\"container\">\n\t\t\t\t<div class=\"elementor-element elementor-element-9ff72ef elementor-view-default elementor-widget elementor-widget-icon\" data-id=\"9ff72ef\" data-element_type=\"widget\" data-widget_type=\"icon.default\">\n\t\t\t\t<div class=\"elementor-widget-container\">\n\t\t\t\t\t\t\t<div class=\"elementor-icon-wrapper\">\n\t\t\t<a class=\"elementor-icon\" href=\"https:\/\/www.vistoso-tango.de\/?page_id=412\">\n\t\t\t<svg xmlns=\"http:\/\/www.w3.org\/2000\/svg\" width=\"800px\" height=\"800px\" viewBox=\"0 0 64 64\" fill=\"none\" stroke=\"#000000\"><polyline points=\"40 24 32 32 40 40\"><\/polyline><polyline points=\"32 24 24 32 32 40\"><\/polyline><\/svg>\t\t\t<\/a>\n\t\t<\/div>\n\t\t\t\t\t\t<\/div>\n\t\t\t\t<\/div>\n\t\t\t\t<\/div>\n\t\t<div class=\"elementor-element elementor-element-d2ac00b e-con-full e-flex e-con e-child\" data-id=\"d2ac00b\" data-element_type=\"container\">\n\t\t\t\t<div class=\"elementor-element elementor-element-1b77593 elementor-view-default elementor-widget elementor-widget-icon\" data-id=\"1b77593\" data-element_type=\"widget\" data-widget_type=\"icon.default\">\n\t\t\t\t<div class=\"elementor-widget-container\">\n\t\t\t\t\t\t\t<div class=\"elementor-icon-wrapper\">\n\t\t\t<a class=\"elementor-icon\" href=\"https:\/\/www.vistoso-tango.de\/?page_id=402\">\n\t\t\t<svg xmlns=\"http:\/\/www.w3.org\/2000\/svg\" width=\"800px\" height=\"800px\" viewBox=\"0 0 64 64\" fill=\"none\" stroke=\"#000000\"><polyline points=\"24 40 32 32 24 24\"><\/polyline><polyline points=\"32 40 40 32 32 24\"><\/polyline><\/svg>\t\t\t<\/a>\n\t\t<\/div>\n\t\t\t\t\t\t<\/div>\n\t\t\t\t<\/div>\n\t\t\t\t<\/div>\n\t\t\t\t\t<\/div>\n\t\t\t\t<\/div>\n\t\t<div class=\"elementor-element elementor-element-b22c13e e-flex e-con-boxed e-con e-parent\" data-id=\"b22c13e\" data-element_type=\"container\" data-settings=\"{&quot;background_background&quot;:&quot;classic&quot;}\">\n\t\t\t\t\t<div class=\"e-con-inner\">\n\t\t\t\t<div class=\"elementor-element elementor-element-2f80ed9 elementor-widget elementor-widget-heading\" data-id=\"2f80ed9\" data-element_type=\"widget\" data-widget_type=\"heading.default\">\n\t\t\t\t<div class=\"elementor-widget-container\">\n\t\t\t\t\t<h2 class=\"elementor-heading-title elementor-size-default\">manuela picco<\/h2>\t\t\t\t<\/div>\n\t\t\t\t<\/div>\n\t\t\t\t<div class=\"elementor-element elementor-element-600e70b elementor-widget elementor-widget-heading\" data-id=\"600e70b\" data-element_type=\"widget\" data-widget_type=\"heading.default\">\n\t\t\t\t<div class=\"elementor-widget-container\">\n\t\t\t\t\t<h3 class=\"elementor-heading-title elementor-size-default\">akkordeon<\/h3>\t\t\t\t<\/div>\n\t\t\t\t<\/div>\n\t\t\t\t<div class=\"elementor-element elementor-element-5c793dd elementor-widget elementor-widget-text-editor\" data-id=\"5c793dd\" data-element_type=\"widget\" data-widget_type=\"text-editor.default\">\n\t\t\t\t<div class=\"elementor-widget-container\">\n\t\t\t\t\t\t\t\t\t<p>Manuela Picco begann ihre klassische musikalische Ausbildung im Jahr 1971 in Leonberg und ist seitdem dem Akkordeon treu geblieben. Als Solistin und im Duo nahm sie an zahlreichen Wettbewerben teil und ist seit \u00fcber 30 Jahren Teil des 1. Orchesters ihres Vereins, das erfolgreich am internationalen Akkordeon-Festival in Innsbruck teilnimmt. Mit einem breiten Repertoire tritt sie regelm\u00e4\u00dfig in Ensembles auf und begeistert ihr Publikum mit der Vielseitigkeit des Akkordeons. Zus\u00e4tzlich widmet sie sich seit 15 Jahren leidenschaftlich dem Tenor-Saxofon und strebt an, die Kunst des Bandoneon-Spielens zu erlernen, stets mit dem Ziel, die Herzen der Zuh\u00f6rer zu erreichen und zu ber\u00fchren.<\/p>\t\t\t\t\t\t\t\t<\/div>\n\t\t\t\t<\/div>\n\t\t\t\t\t<\/div>\n\t\t\t\t<\/div>\n\t\t\t\t<\/div>\n\t\t","protected":false},"excerpt":{"rendered":"<p>manuela picco akkordeon Manuela Picco begann ihre klassische musikalische Ausbildung im Jahr 1971 in Leonberg und ist seitdem dem Akkordeon treu geblieben. Als Solistin und im Duo nahm sie an zahlreichen Wettbewerben teil und ist seit \u00fcber 30 Jahren Teil des 1. Orchesters ihres Vereins, das erfolgreich am internationalen Akkordeon-Festival in Innsbruck teilnimmt. Mit einem [&hellip;]<\/p>\n","protected":false},"author":1,"featured_media":0,"parent":0,"menu_order":0,"comment_status":"closed","ping_status":"closed","template":"","meta":{"footnotes":""},"class_list":["post-407","page","type-page","status-publish","hentry"],"_links":{"self":[{"href":"https:\/\/www.vistoso-tango.de\/index.php?rest_route=\/wp\/v2\/pages\/407","targetHints":{"allow":["GET"]}}],"collection":[{"href":"https:\/\/www.vistoso-tango.de\/index.php?rest_route=\/wp\/v2\/pages"}],"about":[{"href":"https:\/\/www.vistoso-tango.de\/index.php?rest_route=\/wp\/v2\/types\/page"}],"author":[{"embeddable":true,"href":"https:\/\/www.vistoso-tango.de\/index.php?rest_route=\/wp\/v2\/users\/1"}],"replies":[{"embeddable":true,"href":"https:\/\/www.vistoso-tango.de\/index.php?rest_route=%2Fwp%2Fv2%2Fcomments&post=407"}],"version-history":[{"count":16,"href":"https:\/\/www.vistoso-tango.de\/index.php?rest_route=\/wp\/v2\/pages\/407\/revisions"}],"predecessor-version":[{"id":651,"href":"https:\/\/www.vistoso-tango.de\/index.php?rest_route=\/wp\/v2\/pages\/407\/revisions\/651"}],"wp:attachment":[{"href":"https:\/\/www.vistoso-tango.de\/index.php?rest_route=%2Fwp%2Fv2%2Fmedia&parent=407"}],"curies":[{"name":"wp","href":"https:\/\/api.w.org\/{rel}","templated":true}]}}